 hundreds digit of 207912595?
5
What is the hundred thousands digit of 3286417590?
4
What is the hundreds digit of 998016194?
1
What is the ten thousands digit of 11249360?
4
What is the hundred millions digit of 770012875?
7
What is the millions digit of 737550203?
7
What is the millions digit of 81240466?
1
What is the millions digit of 4130373011?
0
What is the hundreds digit of 8827245?
2
What is the millions digit of 79495093?
9
What is the ten thousands digit of 130747279?
4
What is the millions digit of 775899515?
5
What is the millions digit of 34583644?
4
What is the thousands digit of 67332853?
2
What is the hundred thousands digit of 72085188?
0
What is the millions digit of 542142756?
2
What is the billions digit of 3939178771?
3
What is the millions digit of 1081515241?
1
What is the ten millions digit of 14579153?
1
What is the hundred thousands digit of 8726355?
7
What is the hundred thousands digit of 91498763?
4
What is the hundred thousands digit of 16177463?
1
What is the millions digit of 1286008095?
6
What is the thousands digit of 68060042?
0
What is the hundred thousands digit of 425073981?
0
What is the thousands digit of 2711856089?
6
What is the ten thousands digit of 202877849?
7
What is the billions digit of 5311146395?
5
What is the hundred millions digit of 759336656?
7
What is the thousands digit of 27196158?
6
What is the hundred millions digit of 3012476738?
0
What is the thousands digit of 69024518?
4
What is the tens digit of 41523714?
1
What is the ten thousands digit of 7870324749?
2
What is the ten thousands digit of 552246753?
4
What is the tens digit of 416725061?
6
What is the ten millions digit of 34770318?
3
What is the thousands digit of 1001521?
1
What is the hundred thousands digit of 27669183?
6
What is the thousands digit of 90359730?
9
What is the units digit of 812402058?
8
What is the ten millions digit of 272665547?
7
What is the hundred thousands digit of 350748875?
7
What is the hundred millions digit of 623380908?
6
What is the ten thousands digit of 2082750566?
5
What is the ten thousands digit of 716814559?
1
What is the hundred millions digit of 239614321?
2
What is the thousands digit of 83990293?
0
What is the millions digit of 2317547494?
7
What is the ten millions digit of 884079612?
8
What is the thousands digit of 2129437249?
7
What is the hundred thousands digit of 56208743?
2
What is the hundred millions digit of 427939756?
4
What is the ten millions digit of 34521540?
3
What is the ten millions digit of 2339619793?
3
What is the billions digit of 6876613191?
6
What is the ten thousands digit of 45703740?
0
What is the hundred thousands digit of 80793795?
7
What is the units digit of 967970865?
5
What is the ten millions digit of 321367236?
2
What is the ten thousands digit of 1450555196?
5
What is the hundred thousands digit of 25068172?
0
What is the units digit of 21494301?
1
What is the units digit of 74332?
2
What is the thousands digit of 52048112?
8
What is the thousands digit of 47998795?
8
What is the millions digit of 128451009?
8
What is the thousands digit of 254523629?
3
What is the units digit of 1035004232?
2
What is the units digit of 34536622?
2
What is the units digit of 136914508?
8
What is the hundred millions digit of 4289723888?
2
What is the thousands digit of 216847635?
7
What is the ten millions digit of 209448995?
0
What is the millions digit of 41255438?
1
What is the ten millions digit of 810952487?
1
What is the tens digit of 1432337429?
2
What is the ten thousands digit of 200777718?
7
What is the hundred millions digit of 139514801?
1
What is the hundred millions digit of 124698741?
1
What is the millions digit of 646664203?
6
What is the ten thousands digit of 5733911013?
1
What is the ten thousands digit of 74533111?
3
What is the units digit of 629477809?
9
What is the hundred thousands digit of 864729198?
7
What is the millions digit of 145466042?
5
What is the hundreds digit of 1803177066?
0
What is the hundred millions digit of 184260543?
1
What is the ten millions digit of 248931014?
4
What is the tens digit of 145822301?
0
What is the ten millions digit of 15397641?
1
What is the hundred thousands digit of 25147431?
1
What is the ten thousands digit of 257832537?
3
What is the hundred millions digit of 270569568?
2
What is the millions digit of 1590480233?
0
What is the units digit of 39705206?
6
What is the tens digit of 175474567?
6
What is the tens digit of 778078?
7
What is the units digit of 96535108?
8
What is the millions digit of 80278410?
0
What is the hundred millions digit of 148855586?
1
What is the ten thousands digit of 2957472322?
7
What is the hundred thousands digit of 22139915?
1
What is the ten millions digit of 6243856348?
4
What is the units digit of 1264884560?
0
What is the thousands digit of 48509919?
9
What is the tens digit of 50921236?
3
What is the units digit of 44082185?
5
What is the ten thousands digit of 128929480?
2
What is the thousands digit of 4360536?
0
What is the hundreds digit of 61932364?
3
What is the units digit of 1900817023?
3
What is the ten thousands digit of 159070039?
7
What is the thousands digit of 8809895?
9
What is the units digit of 98348323?
3
What is the hundreds digit of 5930237030?
0
What is the thousands digit of 61335467?
5
What is the units digit of 114146?
6
What is the ten thousands digit of 3217668669?
6
What is the hundred millions digit of 3068776677?
0
What is the thousands digit of 619290310?
0
What is the ten millions digit of 81350421?
8
What is the thousands digit of 70396363?
6
What is the thousands digit of 109494852?
4
What is the units digit of 83238626?
6
What is the hundred thousands digit of 38406981?
4
What is the thousands digit of 189599486?
9
What is the hundred thousands digit of 154891839?
8
What is the units digit of 4997809346?
6
What is the thousands digit of 87275306?
5
What is the units digit of 417288441?
1
What is the units digit of 924771603?
3
What is the hundred thousands digit of 18441695?
4
What is the ten millions digit of 100872222?
0
What is the ten millions digit of 489789771?
8
What is the hundreds digit of 18604463?
4
What is the hundred thousands digit of 66633444?
6
What is the tens digit of 136761232?
3
What is the units digit of 281515055?
5
What is the tens digit of 607735380?
8
What is the hundred thousands digit of 1957301236?
3
What is the ten millions digit of 166071395?
6
What is the millions digit of 363084964?
3
What is the thousands digit of 296894492?
4
What is the hundred millions digit of 729298958?
7
What is the millions digit of 651609735?
1
What is the tens digit of 266374678?
7
What is the thousands digit of 8909841?
9
What is the ten thousands digit of 18205182?
0
What is the hundred thousands digit of 19686735?
6
What is the tens digit of 32747420?
2
What is the hundred thousands digit of 817381931?
3
What is the tens digit of 291395501?
0
What is the tens digit of 70830986?
8
What is the units digit of 40145552?
2
What is the units digit of 80000170?
0
What is the ten millions digit of 508916992?
0
What is the tens digit of 55133708?
0
What is the billions digit of 2138197838?
2
What is the millions digit of 57464437?
7
What is the ten thousands digit of 48515441?
1
What is the units digit of 422958229?
9
What is the units digit of 1585910630?
0
What is the hundred thousands digit of 250197559?
1
What is the ten millions digit of 760556590?
6
What is the hundred thousands digit of 99857035?
8
What is the hundred thousands digit of 38739625?
7
What is the hundred millions digit of 492151939?
4
What is the hundred thousands digit of 146922926?
9
What is the hundred thousands digit of 46360470?
3
What is the millions digit of 577294618?
7
What is the units digit of 196938504?
4
What is the hundred thousands digit of 226552306?
5
What is the units digit of 1235991610?
0
What is the ten millions digit of 11454436?
1
What is the hundred thousands digit of 12057903?
0
What is the hundreds digit of 103119243?
2
What is the ten millions digit of 670197578?
7
What is the millions digit of 677457864?
7
What is the millions digit of 1644117872?
4
What is the tens digit of 227311181?
8
What is the units digit of 40429278?
8
